 of 158 and 1106?
158
Calculate the highest common factor of 276 and 2668.
92
What is the greatest common divisor of 3961 and 17?
17
Calculate the greatest common divisor of 375 and 2685.
15
Calculate the greatest common divisor of 215 and 301.
43
Calculate the greatest common factor of 14 and 3395.
7
What is the highest common divisor of 27738 and 36?
18
Calculate the highest common factor of 76 and 171.
19
Calculate the greatest common factor of 2982 and 63.
21
Calculate the greatest common divisor of 5633 and 43.
43
What is the highest common factor of 592 and 444?
148
What is the greatest common factor of 321 and 3?
3
What is the highest common divisor of 40 and 140?
20
Calculate the greatest common factor of 189 and 14.
7
What is the highest common divisor of 208 and 1196?
52
What is the highest common divisor of 88 and 288?
8
What is the greatest common divisor of 12 and 28?
4
Calculate the highest common factor of 588 and 36162.
294
Calculate the highest common divisor of 13 and 8502.
13
What is the highest common divisor of 456 and 27?
3
Calculate the greatest common divisor of 1682 and 116.
58
What is the greatest common factor of 684 and 36?
36
What is the greatest common factor of 1098 and 180?
18
What is the highest common factor of 125 and 70?
5
What is the greatest common factor of 3164 and 49?
7
Calculate the highest common divisor of 88 and 408.
8
Calculate the highest common factor of 1716 and 22.
22
Calculate the highest common divisor of 34 and 578.
34
Calculate the greatest common factor of 7 and 7441.
7
What is the highest common divisor of 448 and 567?
7
Calculate the greatest common factor of 9 and 207.
9
What is the greatest common factor of 29 and 406?
29
Calculate the highest common divisor of 1836 and 450.
18
Calculate the highest common divisor of 225 and 275.
25
What is the highest common divisor of 12 and 186?
6
What is the highest common divisor of 2401 and 49?
49
What is the highest common factor of 38 and 18677?
19
What is the greatest common factor of 5 and 13?
1
Calculate the highest common divisor of 2367 and 9.
9
What is the greatest common factor of 310 and 80?
10
Calculate the greatest common divisor of 30 and 2380.
10
Calculate the greatest common divisor of 29 and 1856.
29
Calculate the greatest common divisor of 403 and 31.
31
What is the highest common factor of 294 and 6?
6
What is the greatest common factor of 8 and 76?
4
What is the highest common factor of 1 and 17?
1
What is the highest common factor of 180 and 1380?
60
What is the greatest common factor of 34 and 17?
17
Calculate the highest common factor of 50 and 40.
10
What is the greatest common factor of 65 and 611?
13
Calculate the highest common factor of 22 and 1023.
11
Calculate the greatest common factor of 1 and 67.
1
Calculate the highest common factor of 324 and 198.
18
What is the highest common factor of 255 and 1215?
15
Calculate the greatest common factor of 162 and 216.
54
What is the greatest common factor of 24 and 4116?
12
What is the highest common divisor of 69 and 1311?
69
Calculate the highest common divisor of 10 and 130.
10
Calculate the greatest common factor of 132 and 924.
132
Calculate the greatest common divisor of 31702 and 363.
121
What is the highest common divisor of 65 and 78?
13
Calculate the greatest common divisor of 41 and 3.
1
What is the highest common divisor of 215 and 5?
5
Calculate the greatest common factor of 121 and 66.
11
Calculate the highest common divisor of 16 and 504.
8
What is the highest common factor of 2533 and 34?
17
Calculate the highest common divisor of 243 and 2025.
81
Calculate the greatest common divisor of 26 and 114348.
26
What is the greatest common factor of 5 and 11?
1
What is the highest common factor of 8308 and 402?
134
Calculate the highest common factor of 2366 and 273.
91
What is the greatest common divisor of 2759 and 62?
31
What is the greatest common divisor of 54 and 16?
2
What is the greatest common factor of 9 and 603?
9
Calculate the greatest common factor of 2710 and 20.
10
Calculate the highest common factor of 391 and 17.
17
What is the greatest common factor of 80 and 3720?
40
What is the greatest common factor of 832 and 1024?
64
What is the greatest common factor of 115 and 30?
5
Calculate the highest common divisor of 149 and 41869.
149
Calculate the greatest common divisor of 91 and 21931.
91
What is the highest common divisor of 828 and 621?
207
What is the highest common divisor of 943 and 437?
23
Calculate the highest common factor of 123 and 12.
3
What is the highest common factor of 244 and 7991?
61
Calculate the highest common factor of 1370 and 5.
5
Calculate the greatest common factor of 2525 and 20705.
505
What is the highest common factor of 84 and 966?
42
What is the highest common factor of 72 and 972?
36
What is the highest common divisor of 72 and 4008?
24
What is the highest common factor of 12 and 48?
12
What is the greatest common factor of 25 and 1450?
25
What is the highest common factor of 112 and 196?
28
What is the highest common divisor of 26596 and 732?
244
Calculate the highest common divisor of 2784 and 192.
96
Calculate the highest common factor of 69 and 39.
3
Calculate the greatest common factor of 4 and 34.
2
Calculate the highest common divisor of 1008 and 432.
144
What is the greatest common factor of 10274 and 22?
22
Calculate the highest common divisor of 22 and 594.
22
Calculate the highest common factor of 81795 and 123.
123
What is the highest common divisor of 16 and 64?
16
What is the highest common divisor of 2410 and 55?
5
Calculate the highest common factor of 18 and 648.
18
What is the greatest common divisor of 11 and 2827?
11
Calculate the highest common divisor of 54 and 9018.
54
Calculate the highest common factor of 448 and 784.
112
Calculate the highest common factor of 27 and 675.
27
Calculate the highest common divisor of 378 and 35.
7
Calculate the highest common factor of 65 and 5.
5
Calculate the greatest common divisor of 469 and 21.
7
What is the highest common factor of 245 and 70?
35
What is the greatest common divisor of 63 and 147?
21
Calculate the greatest common factor of 1760 and 1408.
352
What is the greatest common divisor of 1625 and 26?
13
Calculate the highest common divisor of 8 and 3.
1
What is the highest common divisor of 198 and 88?
22
What is the highest common factor of 363 and 264?
33
Calculate the highest common factor of 688 and 16.
16
Calculate the greatest common factor of 45 and 25.
5
What is the highest common factor of 12 and 1212?
12
Calculate the greatest common divisor of 13156 and 143.
143
What is the highest common divisor of 2424 and 132?
12
Calculate the greatest common factor of 12 and 2.
2
Calculate the highest common divisor of 3053 and 43.
43
What is the greatest common divisor of 40 and 280?
40
Calculate the highest common factor of 420 and 120.
60
Calculate the greatest common factor of 142 and 21158.
142
What is the greatest common factor of 1404 and 108?
108
Calculate the greatest common factor of 129 and 688.
43
What is the greatest common divisor of 4560 and 30?
30
What is the greatest common divisor of 36 and 10920?
12
Calculate the greatest common divisor of 22 and 506.
22
What is the greatest common divisor of 7 and 791?
7
What is the highest common factor of 188 and 4?
4
Calculate the greatest common factor of 66 and 5907.
33
What is the greatest common factor of 48 and 1536?
48
What is the highest common divisor of 88 and 13002?
22
Calculate the highest common divisor of 29 and 319.
29
Calculate the greatest common factor of 268 and 4.
4
Calculate the highest common factor of 50 and 920.
10
What is the highest common divisor of 12314 and 2?
2
What is the highest common divisor of 4222 and 2?
2
What is the highest common divisor of 4185 and 270?
135
Calculate the greatest common divisor of 17 and 4097.
17
What is the greatest common divisor of 92 and 20?
4
Calculate the highest common divisor of 240 and 135.
15
What is the greatest common factor of 18585 and 70?
35
Calculate the highest common divisor of 2658 and 30.
6
Calculate the greatest common divisor of 1416 and 240.
24
Calculate the highest common factor of 370 and 148.
74
What is the great